- 3*w = 3. Suppose q + d*q = m. What is the tens digit of q?
2
Suppose 0 = 16*f - 15*f - 1. What is the units digit of f?
1
Let y = -2 + 4. Let v be 2/y - -3*1. Suppose -5*l - 19 = -3*p, -v*p = -2*p + l - 4. What is the units digit of p?
3
Let u(s) = -8*s**3 - s**2 - 2*s + 5. Let k(t) = t**3 - 1. Let b(f) = 6*k(f) + u(f). Let y be b(2). Let h = y + 44. What is the units digit of h?
9
What is the units digit of (-68)/(-7)*(8625/30 - 11)?
6
Suppose -j = -9*j + 2200. What is the hundreds digit of j?
2
Let p be 540/9*(-1)/(-2). What is the tens digit of (-2 - -52)/((p/(-9))/(-5))?
7
Let a(r) = 2*r - 15. Let j(b) = b. Let p(f) = -a(f) + 3*j(f). What is the units digit of p(6)?
1
Suppose -u = 2*j + 4*u - 43, 0 = 5*j + 4*u - 82. Let d = j + -10. What is the units digit of d?
4
Let b = 114 - 113. What is the units digit of 3 - (b - -12)*-16?
1
Let u(f) = 9*f - 15. Let q(i) = i. Let t(j) = 5*q(j) - u(j). What is the units digit of t(-11)?
9
Let i = -3231 + 4633. What is the thousands digit of i?
1
Let u(j) = -j**2 + 5*j - 1. Let x be u(6). Let q be (-4)/(-14) + (-5)/x. What is the tens digit of (2 + 9)*(q - 0)?
1
Let z = -4 - -5. Let p be z/(-2 - -1) + 58. Let a = -32 + p. What is the tens digit of a?
2
Let i(l) = 10. Let h = 2 + 1. Let o(n) = n - 1. Let m(a) = h*o(a) - i(a). What is the units digit of m(5)?
2
Let z be (-28)/13 + 2/13. Let v = z + 16. What is the tens digit of v?
1
Suppose -2*r - 3*s = 40, -26 - 54 = 4*r - 4*s. What is the units digit of r*(52/(-20) + 1)?
2
Let o = 513 - 160. What is the tens digit of o?
5
What is the units digit of (-4 - -1471)*(-4)/(-18)?
6
Let g(p) be the second derivative of p**5/120 - 5*p**4/12 - p**3 + 3*p. Let a(y) be the second derivative of g(y). What is the units digit of a(13)?
3
Let d = 181 + 378. What is the tens digit of d?
5
Let l(r) = 41*r**3 - r**2 + r + 4. What is the units digit of l(2)?
0
Suppose -4*n - 2*w = -5*n + 4917, 2*n - 9874 = -4*w. What is the hundreds digit of n?
9
Suppose -3*f + g = -2*g + 96, 0 = -g + 2. Let m be (-40)/f + 4/6. Suppose m*s = -s + 153. What is the tens digit of s?
5
Suppose 3*k + 384 = -2*k - 3*l, 0 = -k - l - 78. What is the tens digit of (k - -2)*(0 + (3 - 4))?
7
Let q(j) be the third derivative of j**4/24 + 4*j**2. Let r be q(11). Let k = 25 - r. What is the units digit of k?
4
Suppose 8*b = 43*b - 87955. What is the hundreds digit of b?
5
Suppose 0 = -6*x + 9*x - 5*y - 3579, 5928 = 5*x + 4*y. What is the hundreds digit of x?
1
Let w(y) be the third derivative of y**5/20 + y**4/8 - 53*y**3/6 - 21*y**2. What is the units digit of w(-10)?
7
Let q(k) = -k**3 - 9*k**2 - 9*k - 1. Let h(i) = -i**2 - 4*i - 8. Suppose 5*n + 5 + 15 = 0. Let c be h(n). What is the units digit of q(c)?
7
Suppose 5*x + 8 = -a + x, 4*x = 3*a + 24. Let z(c) = c**3 + 11*c**2 - 5*c - 10. What is the tens digit of z(a)?
2
Let g = 531 + -303. What is the units digit of g?
8
Let i(r) = r + 63. What is the tens digit of i(9)?
7
Suppose 8 = -o + 6*f - 3*f, -3*o + 4 = -2*f. Suppose o*u - 73 = 11. Suppose 2*w = w + u. What is the tens digit of w?
2
Let y be (-2 + (3 - 1))/1. Suppose 3*x - 4*q + 28 = 0, -5*x + 5*q - 2*q - 32 = y. What is the units digit of (-2 + 1 + x)*-4?
0
Suppose -3*m = 2*m - 1190. Let f = -123 + m. What is the hundreds digit of f?
1
Suppose 3*l = 3*a + 2712, 0 = 4*l - 123*a + 118*a - 3614. What is the tens digit of l?
0
Suppose 21 = 5*o + 1. Let c = 4 - o. Suppose 4*a = x - c*x + 5, 0 = -5*x + 2*a + 29. What is the units digit of x?
7
Suppose 26157 + 6653 = -5*s. What is the units digit of (s/(-34))/((-2 + 1)*-1)?
3
Let v = 928 - 638. What is the units digit of v?
0
Suppose -2*b + 10 = 0, 4*k + 3*b - 8498 = -3279. What is the hundreds digit of k?
3
Suppose -24183 = -4*m + h, -4*h = 8*m + 10168 - 58540. What is the hundreds digit of m?
0
Let j(q) = 27*q**2 + 34*q + 4. What is the hundreds digit of j(-6)?
7
Let v be 4/(-10) - (396/30)/(-3). Suppose 0 = -v*l + 410 - 26. What is the units digit of l?
6
What is the tens digit of -2 + (486 - -3) - -4?
9
Let g(p) = 12 - 7*p + 7*p - 8*p + 2*p**2. What is the units digit of g(8)?
6
Suppose 0 = 4*s + 4, i + 666 = 6*i + 4*s. Let l = i + -114. What is the units digit of l?
0
Let u be 15/(-10)*8/(-6). Suppose 0 = n - u*j - 2 + 1, -41 = -5*n + j. What is the units digit of n?
9
Suppose 126 = -16*w + 638. What is the tens digit of w?
3
Let k = 10 - 6. Suppose -3*m - 3*j + 483 = 0, k*m - 4*j + 103 - 763 = 0. What is the tens digit of m?
6
Let i = -22 - -22. Suppose 4*a = 4*o - 372, 4*o = -i*o + 3*a + 375. What is the units digit of o?
6
Let z(u) = -u**3 + 2*u**2 - 3*u - 4. Let c be z(4). Let q = -20 - c. What is the tens digit of q?
2
Let h = -6 - -10. Let c be 42/(h/(-8) - -2). Suppose -5*l + 5*v = -l - 98, 0 = l - 3*v - c. What is the units digit of l?
2
Suppose 10146 = 18*b + b. What is the hundreds digit of b?
5
Suppose -13*m = 8*m - 25011. What is the tens digit of m?
9
Let y = 10 - 7. Suppose y*z = 4*z - q, 2*q = 3*z. Suppose 5*w = -2*o + 15, z*w - w = 3*o - 16. What is the units digit of o?
5
Let l(p) = p**3 - 41*p**2 + 150*p - 2. What is the tens digit of l(37)?
7
Suppose -f = h - 2, h - 4*f + 0*f + 3 = 0. What is the tens digit of h/(7 + -1) + (-394)/(-12)?
3
Let u = 43 + -40. Suppose 0 = -4*m + 4*r + 78 + 306, m = u*r + 90. What is the units digit of m?
9
Let f(s) = -3*s - 9. Let o be f(-8). Suppose -3*z = 1 - 7. What is the units digit of -95*((-36)/o + z)?
8
Let z be (-3)/(-5) + 1465/(-25). Let n = 53 - z. Suppose 31 = -4*j + n. What is the tens digit of j?
2
Let l = -27 + 11. Let i = 14 + l. What is the tens digit of (-45)/i - (-7)/(-14)?
2
Let y(z) = z**2 + 7*z - 5. Let p be y(-7). Let x = -5 - p. Suppose x = 11*f - 10*f - 27. What is the tens digit of f?
2
Let t(z) = -z**3 + z**2 + z - 1. Let r(x) = 2*x**3 - 7*x**2 - 7*x + 9. Let v be (3 + (-2 - -1))/2. Let o(w) = v*t(w) + r(w). What is the units digit of o(7)?
5
Let v(n) = -n**2 - 6*n - 6. Let a = -2 + -4. Let l be v(a). Let x(q) = -2*q + 12. What is the tens digit of x(l)?
2
Let t(r) = 7*r**2 - 21*r - 1. Let n(h) = -h**2 + h - 2. Let p(l) = -6*n(l) - t(l). Let b = 13 - 2. What is the units digit of p(b)?
7
Suppose -6*l - 3708 = -9*l. What is the tens digit of -1 + (-12)/20 + l/10?
2
Let c(a) = a - 5*a + 5*a - 1 - 3*a. Let x be c(-2). Suppose x*m + m - 40 = 0. What is the units digit of m?
0
Let f = 317 - -276. What is the hundreds digit of f?
5
Let i = 359 + 222. What is the units digit of i?
1
Let r = 38 + -36. Suppose b + 450 = 5*a + 3*b, -180 = -r*a - 2*b. What is the tens digit of a?
9
Suppose 0 = 4*m + 12, 0 = -3*h - m + 6*m + 27. Let u(l) = 2*l**2 - 4*l - 4. What is the tens digit of u(h)?
1
Let y(u) = -117*u + 42. What is the units digit of y(-3)?
3
Suppose -12 = -5*m + 3. Suppose -219 = -4*s - m*i, -3*s + 107 + 73 = -3*i. Suppose 43 = 4*w - s. What is the units digit of w?
5
Let i(m) = -m**2 - 6*m - 2. Let l be 2/5 - (-81)/(-15). Let j be i(l). Suppose 6*p = -5*c + p + 185, -c + 31 = j*p. What is the units digit of c?
0
What is the tens digit of (-1517 - 6)*3*2/(-6)?
2
Let x be (-16)/6*(-9)/(-4). Let t = 30 - x. What is the tens digit of t?
3
Suppose -2*n - v + 1113 = -1568, 4*n = -5*v + 5347. What is the thousands digit of n?
1
Let h(v) = 4*v**2 - 8*v - 32. What is the hundreds digit of h(15)?
7
Suppose -4*h = 22*i - 17*i - 2732, 3*h - 4*i = 2049. What is the units digit of h?
3
What is the hundreds digit of (-2)/(-34) + (-697518)/(-153)?
5
Let s = -152 + 410. What is the hundreds digit of s?
2
Let u(g) = -5*g + 2. Let d be u(0). Suppose -h + 393 = 4*s, d*s - 4*h - 368 = -2*s. What is the units digit of s?
7
Let m(o) = -o**3 - 5*o**2 + 10*o + 6. Let k = -30 - -58. Let v = -35 + k. What is the tens digit of m(v)?
3
Let d(p) = p - 15. Let m be d(13). Let z be -24 - (-2)/m*-3. Let g = -3 - z. What is the units digit of g?
8
Suppose -3*q + 10 = 2*q. Suppose -3 = q*u - 21. What is the units digit of u?
9
Suppose 9*k = 1170 + 477. What is the hundreds digit of k?
1
Suppose -41 + 31 = 2*l, 4*i + 4*l = 256. What is the tens digit of i?
6
Let h = -94 - -274. Let u(s) = s + 33. Let q be u(-1). Suppose 4*j - h = -q. What is the units digit of j?
7
Suppose 29*i - 21*i = 21048. What is the thousands digit of i?
2
Suppose 4*t = 1 + 7. Suppose -99 = 5*h - i, 0 = -t*h - 2*i + 28 - 70. Let 